61018?
306
Calculate the greatest common divisor of 134 and 237917.
67
What is the greatest common divisor of 2303634 and 138?
138
Calculate the highest common factor of 5278 and 4550.
182
What is the greatest common divisor of 225 and 3075?
75
Calculate the greatest common divisor of 322 and 371.
7
Calculate the highest common divisor of 303 and 22927.
101
What is the highest common factor of 713 and 2047?
23
Calculate the greatest common factor of 387 and 94041.
387
What is the greatest common divisor of 31370 and 10?
10
Calculate the highest common divisor of 6045 and 104.
13
What is the greatest common factor of 1101872 and 340?
68
Calculate the highest common factor of 164822 and 7.
7
Calculate the highest common factor of 370240 and 585.
65
What is the greatest common factor of 44709 and 21?
21
Calculate the greatest common divisor of 6820 and 2945.
155
What is the greatest common factor of 482560 and 50112?
1856
What is the greatest common factor of 14514 and 60357?
177
What is the greatest common factor of 80 and 313360?
80
What is the greatest common factor of 90 and 437121?
9
What is the greatest common divisor of 20301 and 603?
201
What is the highest common divisor of 85345 and 195?
65
Calculate the highest common divisor of 156 and 1130896.
52
Calculate the greatest common divisor of 24 and 377514.
6
What is the greatest common factor of 164920 and 342?
38
What is the greatest common divisor of 84672 and 9632?
224
What is the greatest common divisor of 112485 and 15?
15
Calculate the highest common divisor of 738 and 36695.
41
What is the greatest common divisor of 3025 and 66825?
275
Calculate the highest common factor of 70 and 685846.
14
Calculate the greatest common divisor of 7193 and 2.
1
Calculate the greatest common factor of 117956 and 444.
148
What is the highest common divisor of 31206 and 966?
42
Calculate the highest common divisor of 62600 and 5800.
200
What is the highest common factor of 26904 and 1239?
177
Calculate the greatest common divisor of 62 and 68417.
31
What is the greatest common divisor of 5 and 8105?
5
Calculate the greatest common divisor of 658 and 1526.
14
What is the highest common factor of 12190 and 4600?
230
Calculate the highest common divisor of 104 and 62504.
104
Calculate the greatest common divisor of 11 and 91949.
11
Calculate the greatest common divisor of 56 and 1004224.
8
Calculate the highest common divisor of 3598 and 27756.
514
What is the greatest common factor of 1053 and 559?
13
Calculate the greatest common divisor of 13659 and 435.
87
Calculate the highest common divisor of 31825 and 8550.
475
What is the greatest common divisor of 1112083 and 158?
79
What is the highest common factor of 11542 and 751424?
398
Calculate the highest common factor of 1550 and 28.
2
Calculate the greatest common divisor of 630 and 10890.
90
Calculate the greatest common factor of 247 and 209.
19
What is the highest common divisor of 136 and 6630?
34
What is the highest common divisor of 18792 and 377?
29
What is the greatest common factor of 2646 and 322?
14
What is the greatest common factor of 333 and 120546?
333
What is the highest common factor of 1864 and 18256?
8
Calculate the greatest common divisor of 1218 and 4886.
14
Calculate the highest common divisor of 932 and 1094634.
466
Calculate the highest common divisor of 27 and 21402.
9
Calculate the greatest common divisor of 72300 and 15.
15
What is the greatest common factor of 1435 and 36190?
35
What is the highest common divisor of 115811 and 2?
1
Calculate the highest common factor of 9517 and 186.
31
What is the highest common divisor of 1604 and 102656?
1604
What is the highest common factor of 179773 and 3245?
649
Calculate the highest common divisor of 2676877 and 3027.
1009
What is the highest common divisor of 340575 and 6931?
239
Calculate the greatest common divisor of 1440 and 1420.
20
Calculate the greatest common divisor of 1082 and 3065306.
1082
Calculate the greatest common factor of 48660 and 480.
60
What is the greatest common divisor of 1442662 and 26?
26
Calculate the greatest common divisor of 3 and 133368.
3
What is the greatest common divisor of 1098 and 156526?
122
What is the highest common factor of 728 and 1015924?
364
What is the greatest common factor of 6534 and 158202?
198
Calculate the greatest common divisor of 39875 and 551.
29
What is the greatest common factor of 93675 and 300?
75
What is the highest common factor of 1788 and 73068?
12
What is the greatest common factor of 148250 and 170?
10
Calculate the greatest common divisor of 28125 and 3285.
45
Calculate the greatest common divisor of 770 and 122870.
110
What is the greatest common factor of 44 and 845603?
11
What is the greatest common factor of 4830 and 8?
2
What is the highest common divisor of 570323 and 715?
13
Calculate the highest common divisor of 20425 and 5719.
817
Calculate the highest common divisor of 345236 and 68.
68
What is the highest common factor of 480 and 3855?
15
What is the greatest common factor of 94243 and 7081?
73
Calculate the greatest common factor of 473 and 70262.
43
Calculate the highest common factor of 10325 and 1925.
175
Calculate the greatest common divisor of 1532 and 25661.
383
What is the greatest common divisor of 833 and 3281?
17
Calculate the greatest common factor of 6126442 and 826.
826
What is the highest common divisor of 29 and 250589?
29
Calculate the highest common factor of 34517 and 308.
7
What is the highest common divisor of 319 and 183601?
11
Calculate the greatest common divisor of 1053 and 257283.
351
Calculate the highest common factor of 4944 and 696.
24
What is the highest common factor of 2090 and 683639?
209
Calculate the greatest common divisor of 700944 and 2448.
816
What is the highest common factor of 5049 and 1318724?
187
What is the greatest common factor of 407 and 8426?
11
Calculate the highest common factor of 40 and 102400.
40
What is the highest common factor of 426907 and 143?
13
Calculate the greatest common factor of 17116 and 176.
44
What is the greatest common factor of 372 and 769172?
124
What is the greatest common divisor of 396196 and 74?
74
What is the greatest common factor of 93942 and 1479?
51
What is the highest common factor of 10 and 1510?
10
Calculate the greatest common divisor of 1025 and 1275.
25
Calculate the greatest common factor of 171 and 7245.
9
What is the greatest common divisor of 2864 and 16468?
716
Calculate the greatest common divisor of 520 and 22776.
104
What is the greatest common divisor of 29770 and 274342?
458
Calculate the greatest common factor of 21 and 217980.
21
What is the greatest common divisor of 770 and 2485?
35
Calculate the greatest common divisor of 1285838 and 46.
46
What is the highest common factor of 15 and 44355?
15
What is the greatest common factor of 2016 and 4983552?
2016
What is the greatest common divisor of 70560 and 150480?
720
What is the highest common divisor of 232403 and 35179?
277
Calculate the highest common factor of 16380 and 360.
180
What is the highest common factor of 187 and 1275?
17
Calculate the highest common divisor of 1513215 and 675.
135
Calculate the greatest common factor of 11968 and 17204.
748
What is the highest common divisor of 5824 and 156?
52
What is the highest common divisor of 5336 and 4234?
58
What is the highest common factor of 5050 and 2222?
202
Calculate the greatest common divisor of 1233 and 66034.
137
Calculate the highest common divisor of 8325 and 15170.
185
Calculate the greatest common factor of 281314 and 1672.
418
Calculate the highest common factor of 600 and 57960.
120
Calculate the highest common divisor of 4439 and 189333.
193
What is the greatest common divisor of 52 and 1387009?
13
What is the greatest common factor of 82 and 84255?
41
What is the highest common factor of 12432 and 7077?
21
Calculate the highest common divisor of 296066 and 716.
358
Calculate the highest common divisor of 688 and 57448.
344
What is the greatest common factor of 1932 and 5474?
322
Calculate the highest common factor of 1317 and 723.
3
What is the greatest common factor of 15752 and 110?
22
Calculate the highest common divisor of 269 and 172967.
269
Calculate the highest common d